{"id":1801,"date":"2022-06-13T18:07:01","date_gmt":"2022-06-13T23:07:01","guid":{"rendered":"http:\/\/cerquie.com\/?post_type=product&#038;p=1801"},"modified":"2025-04-13T18:39:58","modified_gmt":"2025-04-13T23:39:58","slug":"proteina-de-quinua-y-chocho-coco-awa-nutrition","status":"publish","type":"product","link":"https:\/\/cerquie.com\/index.php\/product\/proteina-de-quinua-y-chocho-coco-awa-nutrition\/","title":{"rendered":"Proteina de Quinua y Chocho sabor a Coco"},"content":{"rendered":"<p>Suplementos nutricionales de prote\u00edna vegetal de alta calidad a base de superalimentos andinos como la quinoa y el chocho. Complementados con concentrados de frutas andinas que aportan importantes micronutrientes.<br \/>\nProteina: 11 g por porci\u00f3n<br \/>\nCarbohidratos: 10-11 g seg\u00fan el concentrado de fruta natural.<br \/>\nCalor\u00edas: 130 kcal por porci\u00f3n.<\/p>\n<p>PROTE\u00cdNA SUPERALIMENTARIA de Coco contiene concentrados de frutas andinas como el coco, rico en Selenio y Zinc, que ayudan a reducir el estr\u00e9s oxidativo y a mantener las defensas del organismo. Tambi\u00e9n contienen triglic\u00e9ridos de cadena media, que son una fuente de energ\u00eda natural que no se absorbe en forma de grasa.<\/p>\n","protected":false},"excerpt":{"rendered":"<p>AWA NUTRITION COCO DOYPACK 300 g<br \/>\nPerfecto para el desayuno, los refrigerios y el reemplazo de comidas. Batidos PRE-ENTRENAMIENTO.<\/p>\n","protected":false},"featured_media":1802,"comment_status":"open","ping_status":"closed","template":"","meta":[],"_links":{"self":[{"href":"https:\/\/cerquie.com\/index.php\/wp-json\/wp\/v2\/product\/1801"}],"collection":[{"href":"https:\/\/cerquie.com\/index.php\/wp-json\/wp\/v2\/product"}],"about":[{"href":"https:\/\/cerquie.com\/index.php\/wp-json\/wp\/v2\/types\/product"}],"replies":[{"embeddable":true,"href":"https:\/\/cerquie.com\/index.php\/wp-json\/wp\/v2\/comments?post=1801"}],"wp:featuredmedia":[{"embeddable":true,"href":"https:\/\/cerquie.com\/index.php\/wp-json\/wp\/v2\/media\/1802"}],"wp:attachment":[{"href":"https:\/\/cerquie.com\/index.php\/wp-json\/wp\/v2\/media?parent=1801"}],"curies":[{"name":"wp","href":"https:\/\/api.w.org\/{rel}","templated":true}]}}