{"id":1782,"date":"2022-06-13T17:21:34","date_gmt":"2022-06-13T22:21:34","guid":{"rendered":"http:\/\/cerquie.com\/?post_type=product&#038;p=1782"},"modified":"2023-09-10T16:04:21","modified_gmt":"2023-09-10T21:04:21","slug":"suplemento-nutricional-de-chocho-lupini-allpa-viva","status":"publish","type":"product","link":"https:\/\/cerquie.com\/index.php\/product\/suplemento-nutricional-de-chocho-lupini-allpa-viva\/","title":{"rendered":"Suplemento Nutricional de Chocho Lupini Allpa Viva"},"content":{"rendered":"<h3><strong>Suplemento Nutricional de Chocho Lupini en Polvo<\/strong><\/h3>\n<p><strong>Caracter\u00edsticas<\/strong><\/p>\n<p align=\"justify\">Chocho conocido como tarwi o lupinus mutabilis es una leguminosa andina cultivada en Ecuador considerada un superalimento catalogado as\u00ed por su alto contenido en prote\u00ednas (50% a 54%), superando el contenido proteico de la soya, el garbanzo o lenteja, es bajo en grasas (10%), posee fibra natural, 15% calcio y hierro. La historia relata que los Incas lo consideraban como el alimento vegetal m\u00e1s completo de la tierra, lo utilizaban para alimentarse durante sus largas jornadas de trabajo por su alto aporte nutricional, saludable y energizante. Actualmente la FAO (Org. de las Naciones Unidas para la Alimentaci\u00f3n y la Agricultura), determin\u00f3 basado en estudios realizados en Ecuador en el Simposium Regional del Chocho Lupinus, reconoce que los oligosac\u00e1ridos que posee previenen el estre\u00f1imiento, reducen el colesterol y la presi\u00f3n sangu\u00ednea; las isoflavonas, disminuyen el riesgo de ciertos tipos de c\u00e1ncer, la osteoporosis y enfermedades cardiovasculares. As\u00ed tambi\u00e9n, estudios cl\u00ednicos realizados, reportan que tanto el grano desamargado, como los extractos de alcaloides tuvieron efecto en la disminuci\u00f3n de los niveles de glucosa en pacientes con diabetes mellitus tipo II.<\/p>\n<p><strong>Beneficios<\/strong><\/p>\n<ul>\n<li>Prote\u00edna vegetal 100% natural.<\/li>\n<li>No contiene gluten, preservantes, colorantes, az\u00facares, soya o lactosa.<\/li>\n<li>Carente de case\u00edna, haci\u00e9ndola apropiada para los vegetarianos y personas con alergias a la leche animal.<\/li>\n<li>Alto contenido en f\u00f3sforo, zinc y magnesio.<\/li>\n<li>Fuente alta de hierro, calcio y vitaminas E, B1, B2, B6, B9 y B12.<\/li>\n<li>Contiene oligosac\u00e1ridos fermentables que potencian el efecto laxante de la fibra.<\/li>\n<li>Aporta con la formaci\u00f3n de gl\u00f3bulos rojos.<\/li>\n<li>Est\u00e1 lista para servir, su sabor ligero permite mezclarla con cualquier bebida o comida y es apta para personas de todas las edades.<\/li>\n<\/ul>\n","protected":false},"excerpt":{"rendered":"<p>Chocho precocido y pulverizado 100% agroecol\u00f3gico 250g<\/p>\n","protected":false},"featured_media":1785,"comment_status":"open","ping_status":"closed","template":"","meta":[],"_links":{"self":[{"href":"https:\/\/cerquie.com\/index.php\/wp-json\/wp\/v2\/product\/1782"}],"collection":[{"href":"https:\/\/cerquie.com\/index.php\/wp-json\/wp\/v2\/product"}],"about":[{"href":"https:\/\/cerquie.com\/index.php\/wp-json\/wp\/v2\/types\/product"}],"replies":[{"embeddable":true,"href":"https:\/\/cerquie.com\/index.php\/wp-json\/wp\/v2\/comments?post=1782"}],"wp:featuredmedia":[{"embeddable":true,"href":"https:\/\/cerquie.com\/index.php\/wp-json\/wp\/v2\/media\/1785"}],"wp:attachment":[{"href":"https:\/\/cerquie.com\/index.php\/wp-json\/wp\/v2\/media?parent=1782"}],"curies":[{"name":"wp","href":"https:\/\/api.w.org\/{rel}","templated":true}]}}