{"id":1779,"date":"2022-06-13T17:13:44","date_gmt":"2022-06-13T22:13:44","guid":{"rendered":"http:\/\/cerquie.com\/?post_type=product&#038;p=1779"},"modified":"2023-08-28T12:43:21","modified_gmt":"2023-08-28T17:43:21","slug":"moringa-organica-allpa-viva","status":"publish","type":"product","link":"https:\/\/cerquie.com\/index.php\/product\/moringa-organica-allpa-viva\/","title":{"rendered":"Moringa Org\u00e1nica Allpa Viva"},"content":{"rendered":"<div class=\"wpb_column vc_column_container vc_col-sm-8\">\n<div class=\"vc_column-inner\">\n<div class=\"wpb_wrapper\">\n<div class=\"wpb_text_column wpb_content_element \">\n<div class=\"wpb_wrapper\">\n<h3><strong>Moringa Deshidratada en Polvo<\/strong><\/h3>\n<p><strong>Caracter\u00edsticas<\/strong><\/p>\n<p align=\"justify\">La Moringa, con alto contenido de Vitamina A, Vitamina C, Vitamina E y bioflavonoides, suministra suficientes antioxidantes para el cuerpo y estos antioxidantes anulan el efecto de los radicales libres y retrasa el proceso de envejecimiento. La Organizaci\u00f3n de las Naciones Unidas para la Alimentaci\u00f3n y la Agricultura (FAO) asegura que sus hojas \u201cson ricas en prote\u00ednas, vitaminas A, B y C, y minerales: muy recomendables para ni\u00f1os peque\u00f1os\u201d<\/p>\n<p><strong>Beneficios<\/strong><\/p>\n<p align=\"justify\">Hay m\u00e1s de 46 antioxidantes y 36 anti-inflamatorios todos de origen natural en la planta Moringa.Alta fuente de Hierro, Calcio, Potasio, Cobre, Magnesio y Zinc Posee propiedades antibi\u00f3ticas, antiulcerosas y antiinflamatorias, estimula el sistema inmunol\u00f3gico Por sus antioxidantes, ayuda a neutralizar el impacto devastador de los radicales libres causantes del deterioro de c\u00e9lulas. Excelente para nutrir la piel por poseer Zeatina como antioxidante. Ayuda a la correcta digesti\u00f3n, promueve el buen funcionamiento de h\u00edgado y ri\u00f1\u00f3n. Aumenta los niveles de energ\u00eda, proporciona un sistema circulatorio saludable, por su alto contenido de hierro estimula la claridad mental, fomenta los niveles saludables de az\u00facar en sangre. Posee amino\u00e1cidos esenciales, por tanto es alta fuente de prote\u00ednas.<\/p>\n<\/div>\n<\/div>\n<\/div>\n<\/div>\n<\/div>\n","protected":false},"excerpt":{"rendered":"<p>Hojas de Moringa deshidratada y pulverizada 100% org\u00e1nica 150g<\/p>\n","protected":false},"featured_media":1781,"comment_status":"open","ping_status":"closed","template":"","meta":[],"_links":{"self":[{"href":"https:\/\/cerquie.com\/index.php\/wp-json\/wp\/v2\/product\/1779"}],"collection":[{"href":"https:\/\/cerquie.com\/index.php\/wp-json\/wp\/v2\/product"}],"about":[{"href":"https:\/\/cerquie.com\/index.php\/wp-json\/wp\/v2\/types\/product"}],"replies":[{"embeddable":true,"href":"https:\/\/cerquie.com\/index.php\/wp-json\/wp\/v2\/comments?post=1779"}],"wp:featuredmedia":[{"embeddable":true,"href":"https:\/\/cerquie.com\/index.php\/wp-json\/wp\/v2\/media\/1781"}],"wp:attachment":[{"href":"https:\/\/cerquie.com\/index.php\/wp-json\/wp\/v2\/media?parent=1779"}],"curies":[{"name":"wp","href":"https:\/\/api.w.org\/{rel}","templated":true}]}}