{"id":1765,"date":"2022-06-13T16:28:13","date_gmt":"2022-06-13T21:28:13","guid":{"rendered":"http:\/\/cerquie.com\/?post_type=product&#038;p=1765"},"modified":"2022-06-13T16:31:05","modified_gmt":"2022-06-13T21:31:05","slug":"infusion-de-frutas-deshidratadas-alibu","status":"publish","type":"product","link":"https:\/\/cerquie.com\/index.php\/product\/infusion-de-frutas-deshidratadas-alibu\/","title":{"rendered":"INFUSI\u00d3N DE FRUTAS DESHIDRATADAS ALIB\u00da"},"content":{"rendered":"<p class=\"fl-slide-title\"><strong>INFUSIONES<\/strong><\/p>\n<div class=\"fl-slide-text\">\n<p>Creemos que todos deben poder disfrutar de infusiones divertidas y deliciosas. Somos los \u00fanicos que ofrecemos combinaciones como \u00e9stas, obtenidas a trav\u00e9s de una delicada selecci\u00f3n y proceso de deshidrataci\u00f3n. Tenemos 5 sabores para que te deleites.<\/p>\n<p>Libre de preservantes, aditivos y az\u00facar.<\/p>\n<\/div>\n","protected":false},"excerpt":{"rendered":"<p>Dried Fruit Insusions<\/p>\n<p>Infusi\u00f3n de frutas deshidratadas<\/p>\n<p>100% Natural<\/p>\n","protected":false},"featured_media":1767,"comment_status":"open","ping_status":"closed","template":"","meta":[],"_links":{"self":[{"href":"https:\/\/cerquie.com\/index.php\/wp-json\/wp\/v2\/product\/1765"}],"collection":[{"href":"https:\/\/cerquie.com\/index.php\/wp-json\/wp\/v2\/product"}],"about":[{"href":"https:\/\/cerquie.com\/index.php\/wp-json\/wp\/v2\/types\/product"}],"replies":[{"embeddable":true,"href":"https:\/\/cerquie.com\/index.php\/wp-json\/wp\/v2\/comments?post=1765"}],"wp:featuredmedia":[{"embeddable":true,"href":"https:\/\/cerquie.com\/index.php\/wp-json\/wp\/v2\/media\/1767"}],"wp:attachment":[{"href":"https:\/\/cerquie.com\/index.php\/wp-json\/wp\/v2\/media?parent=1765"}],"curies":[{"name":"wp","href":"https:\/\/api.w.org\/{rel}","templated":true}]}}