{"id":1760,"date":"2022-06-02T18:24:31","date_gmt":"2022-06-02T23:24:31","guid":{"rendered":"http:\/\/cerquie.com\/?post_type=product&#038;p=1760"},"modified":"2022-06-02T18:32:32","modified_gmt":"2022-06-02T23:32:32","slug":"aceite-de-linaza-amelie","status":"publish","type":"product","link":"https:\/\/cerquie.com\/index.php\/product\/aceite-de-linaza-amelie\/","title":{"rendered":"Aceite de Linaza Amelie"},"content":{"rendered":"<p style=\"text-align: center;\">Gracias a su alta concentraci\u00f3n de \u00e1cidos Omega- 3, el aceite de semillas de lino puede ayudar a prevenir algunas enfermedades relacionadas con la retina como la\u00a0degeneraci\u00f3n macular asociada a la edad\u00a0(DMAE) o la\u00a0retinopat\u00eda diab\u00e9tica.<\/p>\n<p style=\"text-align: center;\">Adem\u00e1s, incluir estos \u00e1cidos grasos en la dieta tambi\u00e9n puede llegar a aliviar las molestias o s\u00edntomas de la\u00a0sequedad ocular,\u00a0por ejemplo, si el paciente sufre el\u00a0S\u00edndrome de Sj\u00f6gren.<\/p>\n","protected":false},"excerpt":{"rendered":"<p>Aceite Vegetal de Linaza 200 ml<\/p>\n","protected":false},"featured_media":1762,"comment_status":"open","ping_status":"closed","template":"","meta":[],"_links":{"self":[{"href":"https:\/\/cerquie.com\/index.php\/wp-json\/wp\/v2\/product\/1760"}],"collection":[{"href":"https:\/\/cerquie.com\/index.php\/wp-json\/wp\/v2\/product"}],"about":[{"href":"https:\/\/cerquie.com\/index.php\/wp-json\/wp\/v2\/types\/product"}],"replies":[{"embeddable":true,"href":"https:\/\/cerquie.com\/index.php\/wp-json\/wp\/v2\/comments?post=1760"}],"wp:featuredmedia":[{"embeddable":true,"href":"https:\/\/cerquie.com\/index.php\/wp-json\/wp\/v2\/media\/1762"}],"wp:attachment":[{"href":"https:\/\/cerquie.com\/index.php\/wp-json\/wp\/v2\/media?parent=1760"}],"curies":[{"name":"wp","href":"https:\/\/api.w.org\/{rel}","templated":true}]}}