{"id":1532,"date":"2021-03-02T23:49:33","date_gmt":"2021-03-03T04:49:33","guid":{"rendered":"http:\/\/cerquie.com\/?post_type=product&#038;p=1532"},"modified":"2024-07-08T18:34:57","modified_gmt":"2024-07-08T23:34:57","slug":"cereal-de-quinua-crops-de-chocolate","status":"publish","type":"product","link":"https:\/\/cerquie.com\/index.php\/product\/cereal-de-quinua-crops-de-chocolate\/","title":{"rendered":"Cerqui\u00e9 Qroppys! con Chocolate"},"content":{"rendered":"<p style=\"text-align: center;\">La Quinua es catalogada como un superalimento debido a que posee todos los amino\u00e1cidos esenciales, oligoelementos y vitaminas para la vida, por tanto Cerqui\u00e9 Qroppys! aprovecha tales propiedades, dentro del perfil lip\u00eddico contiene un alto porcentaje de Omega 3 y Omega 6, adem\u00e1s de no contener gluten.<\/p>\n<p style=\"text-align: center;\">Es una alternativa al cereal de desayuno tradicional, est\u00e1 realizado a base de quinua org\u00e1nica, es un producto muy vers\u00e1til ya que puede ser consumido con leche, yogurt, ensalada de frutas, postres, etc.<\/p>\n","protected":false},"excerpt":{"rendered":"<p>Pop de Quinua org\u00e1nica con Chocolate 250 g<\/p>\n","protected":false},"featured_media":1687,"comment_status":"open","ping_status":"closed","template":"","meta":[],"_links":{"self":[{"href":"https:\/\/cerquie.com\/index.php\/wp-json\/wp\/v2\/product\/1532"}],"collection":[{"href":"https:\/\/cerquie.com\/index.php\/wp-json\/wp\/v2\/product"}],"about":[{"href":"https:\/\/cerquie.com\/index.php\/wp-json\/wp\/v2\/types\/product"}],"replies":[{"embeddable":true,"href":"https:\/\/cerquie.com\/index.php\/wp-json\/wp\/v2\/comments?post=1532"}],"wp:featuredmedia":[{"embeddable":true,"href":"https:\/\/cerquie.com\/index.php\/wp-json\/wp\/v2\/media\/1687"}],"wp:attachment":[{"href":"https:\/\/cerquie.com\/index.php\/wp-json\/wp\/v2\/media?parent=1532"}],"curies":[{"name":"wp","href":"https:\/\/api.w.org\/{rel}","templated":true}]}}